j.
4
Let y be -2 - (-2 - 0) - (-1 - 3). Suppose 4*i - 4 = -m, -m - i - y*i + 3 = 0. Let d be 432/4*10/15. What is the highest common divisor of m and d?
8
Let v(g) = 85*g**2 - 88*g - 24. Let p be v(4). Calculate the greatest common factor of 72 and p.
24
Let f(u) = 17*u - u**3 - 13*u**2 - 11*u**2 + 19 + 17*u**2 + 20. Let w be f(-9). Calculate the greatest common divisor of 112 and w.
16
Suppose 0 = -2*d - y - 1731 + 17621, -7945 = -d - 4*y. What is the highest common divisor of 35 and d?
35
Let s(r) = 4*r**3 + 3*r**2 - 5*r + 10. Let b = -73 + 77. Let j be s(b). Suppose -1224 = -3*y + j. Calculate the highest common divisor of y and 46.
46
Suppose -48*o = -50*o + 18. Suppose o = -2*b + 7. Let x(w) = -11*w + 3. Let j be x(b). Calculate the highest common divisor of j and 98.
14
Let i = 703 + -197. Let h = -390 + i. What is the greatest common factor of 8 and h?
4
Suppose 5*o + 30 = 5*k, 2 = k - 2*o - 0*o. Suppose -3*i - 12*b + 8*b = 400, 2*b - 10 = 0. Let n be i*7/(2 - 16). Calculate the highest common factor of n and k.
10
Let w be (-3 + 337 + 3)/(3/3). Let p = w + -85. Suppose -4*q + 1400 = -p. Calculate the highest common factor of q and 59.
59
Let l be (3 - (-657)/5) + 54/90. Calculate the highest common factor of 5535 and l.
135
Suppose -r - 2*g - 3*g + 15 = 0, 0 = 4*g - 8. Suppose 0 = 2*c + q - 480 - 77, -2*q = -r*c + 1406. Calculate the greatest common divisor of 56 and c.
56
Suppose -9*s = 2 - 29. Suppose -2*v + 52 = 5*h, s*h - 5*h + 88 = 4*v. Suppose 5*u + v = 81. Calculate the highest common divisor of 12 and u.
12
Let r = -11931 + 12103. What is the highest common factor of r and 86?
86
Let j = 68117 + -68026. Suppose -h + 4 = -3*h. Let y be h/(2/52*-2). What is the greatest common factor of j and y?
13
Suppose -d = 13*d - 112. Let u be 413 + (-5)/(9 - d). What is the greatest common divisor of 153 and u?
51
Let t be 1*2 - (-103 + 5). Let k = -1 - -3. Suppose t = 5*h - 5*w - 5, -8 = -k*w. What is the highest common divisor of h and 50?
25
Suppose -118 = -47*r + 23. Let q = 2 + 1. Suppose 0 = -5*a + 3*p + 99, q*a + 2*p + 38 = 5*a. What is the greatest common divisor of r and a?
3
Let b = 6725 + -6487. Calculate the greatest common divisor of b and 35.
7
Let k(t) = 3*t - 30. Let i be k(10). Suppose i = -15*p + 277 + 1073. Calculate the highest common factor of 75 and p.
15
Let h(l) = l**3 - 10*l**2 + l + 10. Let o be h(10). Suppose 2*y - 4*g - 752 = 0, 8*y - 1844 = 3*y - 2*g. Calculate the highest common factor of y and o.
10
Let h(d) = d**2 + d + 2. Let a be h(-1). Suppose -a*i + 438 = 4*o - 470, 911 = 2*i + 5*o. Calculate the highest common divisor of i and 14.
14
Let k(j) = j**3 + 5*j**2 - 5*j + 7. Let z be k(-6). What is the greatest common factor of 93 and z?
1
Let s be (-6)/(-21) + 1880/35. Let q = -350 + 751. Suppose 4*j - 659 = -5*y, 3*y - 4*j - q = -5*j. What is the greatest common factor of s and y?
27
Let r(n) = 7*n**3 - 69*n**2 - 17*n + 132. Let m be r(10). What is the greatest common divisor of m and 651?
31
Let b be (110/77)/(1/14*1). Let o be (-5)/2*b/25. Let q be ((-9 - 0) + 4)/(o/34). Calculate the highest common divisor of 34 and q.
17
Suppose -445*l = -3*f - 446*l + 2218, 2*l + 723 = f. Let j = -27 + 38. What is the highest common divisor of f and j?
11
Let r = -19315 + 48233. Calculate the greatest common divisor of 76 and r.
38
Suppose 5*h = -3*m + 571, 4*h = 2*m + 262 + 208. What is the highest common factor of h and 87?
29
Let w = 228 - -7. Suppose 5*l - w = 290. What is the highest common factor of l and 45?
15
Suppose 4*d + i - 82 + 202 = 0, -d = -2*i + 39. Let o = -13 - d. Let n(y) = 55*y - 3. Let t be n(3). What is the highest common divisor of t and o?
18
Let h be ((-10)/(-4))/((-4)/8) - (-94 + -54). Calculate the greatest common divisor of h and 1056.
11
Suppose -11*t + 98 = 21. Let j = -6 + 13. Let n(o) = -o**3 + 8*o**2 - 6*o + 7. Let w be n(j). Calculate the greatest common factor of w and t.
7
Let c(d) = -3*d - 78. Let t be c(-26). Let j(g) = 6*g + 144. Let k be j(t). What is the highest common divisor of k and 80?
16
Suppose -5*n + 56 = -124. Suppose -4*b - 3*g = -287, g = 2*b + 3*g - 146. Let w = b + -50. What is the greatest common factor of n and w?
18
Suppose 77 + 40 = 3*b - 54. Calculate the highest common factor of 7809 and b.
57
Suppose -1495*t = -1482*t - 347880. Calculate the highest common divisor of t and 120.
120
Let c = -362 - -359. Let m be 7 + -3*(-1)/c. Let o be (1 + 0)*2 - -46. Calculate the greatest common factor of o and m.
6
Suppose -96*i + 398 = -466. Calculate the greatest common divisor of 2304 and i.
9
Suppose 0 = 2*t - 8*t + 360. Calculate the greatest common divisor of 3720 and t.
60
Suppose -52*j + 48*j = 408. Suppose 0 = -4*u + 268 + 228. Let i = u + j. What is the highest common factor of 55 and i?
11
Suppose 2*v + r = 99, -2*r = r + 15. Let a = 17059 + -16929. What is the highest common divisor of a and v?
26
Suppose -3*t + 14 = 5*f - 6*t, 3*f = t + 10. Suppose -191 = -2*c - f*y + 225, c - y - 211 = 0. Calculate the highest common divisor of c and 30.
30
Suppose -14*g + 10*g + 5*t + 474 = 0, 5*g = 4*t + 579. What is the greatest common divisor of 1369 and g?
37
Let l be (88 + -83)/((-2)/(12/(-5))) - -13514. Calculate the highest common factor of l and 312.
104
Let n(j) be the second derivative of 3*j**3 - 99*j**2 - 82*j. Let r be n(18). Calculate the greatest common divisor of 90 and r.
18
Let t(l) = 11*l**2 + 11*l + 27. Let j = -1 - 2. Let n be t(j). Calculate the highest common divisor of n and 744.
93
Let h be -2 - (19 - -3)/(-1 - 0). Suppose -h*x = -26*x. Suppose x = -a - 2 + 4. What is the greatest common divisor of a and 16?
2
Suppose 5*d - 124650 = 30*d - 75*d. What is the highest common divisor of 9 and d?
9
Let j be 5*(-41)/(-1) + -2. Let q(g) = -26*g + 185. Let u be q(6). What is the highest common divisor of u and j?
29
Suppose -3*i = -v - 1808, -2*i - 682*v + 1216 = -684*v. Calculate the greatest common divisor of i and 104.
8
Let j = -88 - -91. Suppose -3*a + 90 = -k, -j*k = -a + k + 30. What is the greatest common factor of 480 and a?
30
Suppose 5*g - 8 = 9*v - 13*v, v = -3*g + 9. Suppose 0 = 5*y + 4*h - 30, 2*h - 28 = -g*y + 2. Calculate the highest common divisor of y and 130.
10
Let u = 11 + -11. Suppose 2*a + u*a - 162 = 0. Suppose 8*z - a - 39 = 0. Calculate the greatest common factor of z and 150.
15
Let k(l) = 15*l**3 - 36*l**2 + 21*l - 53. Let o be k(5). Calculate the highest common divisor of o and 158.
79
Let l be (-642)/7 - ((-136)/14 - -10). Let y = l - -100. Calculate the greatest common divisor of y and 128.
8
Suppose 5*b + 40*a = 37*a + 47, -2*b - 3*a = -26. Suppose -d = -3*g - 28, -b*g = 2*d - 2*g - 23. What is the greatest common factor of 4 and d?
1
Suppose -2*d + 4144 = -2*q, 5*d + 4*q - 11137 = -813. Calculate the greatest common divisor of 44 and d.
44
Let f(c) be the second derivative of 3*c**3 + 0 - 1/2*c**2 + 34*c. Let x be f(1). What is the greatest common factor of x and 17?
17
Let y(z) = 63*z**2. Let l be y(1). Let i = 3641 - 3697. Let r = l + i. What is the highest common factor of 7 and r?
7
Suppose 11*b = -139 - 180. Let y = b - -101. Let m(u) = -u**3 + 9*u**2 + 14*u - 31. Let x be m(10). What is the greatest common divisor of x and y?
9
Let j(n) = -n**3 - 12*n**2 + 9*n - 44. Let i be j(-13). Suppose 866 + 142 = i*a. What is the highest common divisor of 54 and a?
18
Suppose -93*l - 16619 = -95*l + 3*p, -5*l - p + 41522 = 0. What is the highest common divisor of 165 and l?
55
Suppose 0 = -t + 10 - 2. Let c(r) = r - 9. Let o be c(t). Let l be (o + 0)/(-5 + 48/10). Calculate the highest common factor of 25 and l.
5
Let o(x) = 30*x**2 + 120*x + 1245. Let c be o(-18). Calculate the greatest common divisor of c and 15.
15
Suppose 16*z - 45 = 80 + 19. Calculate the greatest common factor of z and 909.
9
Suppose -4*g = -3*v - 8, v - 6 = 5*g - 27. Suppose 4*y + 30 = g*w + 9*y, 5*y - 6 = -w. Suppose -w = 2*u - 10. What is the highest common divisor of u and 4?
2
Let h be 144/10 + (-39)/(-65). Suppose -80 = -h*n - n. Suppose -18 = -c - 3*v, 59 = n*c - v - 15. What is the highest common divisor of 6 and c?
3
Let w be (117 - 15)/((-2)/8*-3). What is the highest common divisor of w and 7480?
136
Suppose -2*a + 208 = 2*a. Suppose 1023*h + 2